t b be 6/(-9) - (-22)/6. Suppose -16 = -2*j + 2*f, 0 = 3*j - 2*j - b*f - 18. Suppose 0*l + 1 = -j*l + 2*i, -4*l - 3*i = -27. What is u(l)?
1
Let l(m) be the first derivative of -m**4/4 - m**3 - 3*m**2/2 - 2*m - 46. Suppose 0 = 4*a + a. Suppose a*i - i = 2. Give l(i).
0
Let s(g) = g**3 - 3*g**2 - 4*g - 5. Let f be s(4). Let y(a) be the first derivative of -a**3/3 - 2*a**2 + 6*a - 4204. Give y(f).
1
Suppose -74 + 65 = -2*f + 3*t, -3*f + 3*t = -6. Let s(r) = r**2 + 10*r + 6. Give s(f).
-15
Suppose 0 = -4*z - 0*v + 5*v - 55, 2*v = 2*z + 26. Let w(s) = -s**2 - 12*s - 24. Determine w(z).
-4
Let b(a) = -a**3 - 3*a**2 + 3*a + 3. Let v be (-1 - (-26)/6)/(64/(-96)). Determine b(v).
38
Suppose -2*m - 170 = 3*m. Let o be m*(2 - (-15)/(-6)). Let z = 20 - o. Let n(p) = -p - 3. Calculate n(z).
-6
Let h(n) = n**2 + 8*n + 7. Let l = 4 + -2. Let t be (-10)/(-4) - 1/l. Suppose -5*z = -t*u - 22, 4*u - 2*z + 34 = 3*z. Calculate h(u).
-5
Let f(m) = 13*m - 3*m**3 + 4*m**3 + 3 - 11*m - 4*m**2 - 2*m**3. What is f(-3)?
-12
Let s(k) = k**3 - 5*k**2 - 8*k + 8. Let f be 9/(-36)*(-1 - 38/2). Suppose -3*r - f*g = -43, r - 6*r = 3*g - 45. What is s(r)?
-4
Let n(x) = -11*x**3 - 26*x**2 - 11*x - 8. Let f(z) = -4*z**3 - 9*z**2 - 4*z - 3. Suppose 7 - 79 = 9*s. Let v(w) = s*f(w) + 3*n(w). Give v(-6).
6
Let q(y) = -8*y**2 - 1. Let m(b) = -15*b**2 - 12*b + 18. Let x(s) = m(s) - 2*q(s). What is x(10)?
0
Let a = -2 + 3. Let m(x) = -x - 4. Let v be m(-5). Let j(b) = -3*b**2. Let n(c) = c**2 + 1. Let g(u) = v*j(u) + n(u). Give g(a).
-1
Let d(w) be the second derivative of w**5/20 - w**3/6 - w**2/2 - 4*w. Suppose -g - 3 = -7. Suppose g*c - 10 = 9*c. Calculate d(c).
-7
Let o(d) = 0*d - 4*d**2 - 5*d - d**3 - 4 + 2*d**3. Let n be (10/6)/(156/468). Give o(n).
-4
Suppose 10 = 9*p - 4*p. Let d be p/(1/(6/4)). Let c(j) = d*j**2 + 3*j**2 + 4 + 4*j - 5*j**2 + 2. Calculate c(-4).
6
Let i(y) = -4*y**2 - 5*y + 4. Let q(f) = f - 9*f**2 + 10*f**2 + 0*f - 1. Let d(a) = -2*i(a) - 9*q(a). What is d(2)?
-1
Let n(m) = -11*m**3 + 2*m**2. Let y(x) = -2*x**3 + x + 1. Let f(d) = -n(d) + 6*y(d). Determine f(-4).
14
Let o(r) = -11*r + 10. Let l(x) = -4*x + 3. Let a(d) = 15*l(d) - 5*o(d). Suppose 0 = 2*b + b + 12. What is a(b)?
15
Suppose -3*t + 9*t + 6 = 0. Let i(m) = -4*m + 4*m - 3 + 4 + m**2 - m**3 + m. Give i(t).
2
Let l(p) = 4*p - 24. Let v be l(7). Suppose -2*z = -v*a + 6, 5*a - 2*z - 13 = -6. Let r(o) = -4*o + 1. Calculate r(a).
-3
Suppose -5*h - 2 + 0 = 4*y, -4*h - 2*y = -2. Suppose 2 + 2 = h*k. Let n(g) = -2*g - 1 - 4*g**2 + k*g + 3*g**2 - g. Give n(-2).
-3
Let b(s) = -s**2 - 9*s + 7. Let t(r) = -r - 1. Let v be t(9). Calculate b(v).
-3
Let o(t) = -t + 26. Let i be o(-11). Let w = 33 - i. Let z(q) = -q**3 - 5*q**2 - q + 5. What is z(w)?
-7
Let l(s) = 0*s - 4 + 4*s + 1. Let q be (3/2 - 1)/(1/10). Let b be -3 + q + -2*1/(-2). Give l(b).
9
Let b(q) be the first derivative of 23 + 1/2*q**2 + 3*q. Determine b(-10).
-7
Suppose 7*p - 36 = -5*y, -13*y - p = -15*y + 3. Let t(z) = -2*z - 2*z - 2*z + 1 + 7*z. Determine t(y).
4
Let y = -13 + 25. Let m = y + -15. Let b(f) = -4*f - 1. Let x(i) = 4*i + 2. Let v(w) = -5*b(w) - 4*x(w). Determine v(m).
-15
Let t(w) be the third derivative of -1/120*w**5 - 14*w**2 + 4/3*w**3 + 0 - 7/24*w**4 + 0*w. Let g(c) be the first derivative of t(c). What is g(-5)?
-2
Suppose -14*u - 2*u = -32. Let l(g) = 4*g - 3. Calculate l(u).
5
Suppose p = 2*p + 2. Let b(y) be the second derivative of -y**5/20 - y**4/12 + y**3/3 - y**2/2 - 28*y. Give b(p).
-1
Let o(g) be the first derivative of -g**4/4 + 8*g**3/3 - 5*g**2/2 - 4*g + 157. What is o(7)?
10
Let r(b) = 9*b + b**3 - 46*b**2 + 77*b**2 - 45*b**2 - 9. Let j(d) = d**3 - 13*d**2 + 9*d - 9. Let t(q) = 7*j(q) - 6*r(q). Give t(6).
9
Let z = 147 + -147. Let p(v) be the second derivative of -v**4/12 - v**3/6 + 3*v**2 - 8*v. What is p(z)?
6
Let v be -2 + (-8)/(-2) - -1. Let u(j) = -3*j + j + 1 + 9*j**v + 4*j. What is u(-1)?
-10
Let n(j) = -49*j**2 + 21*j + 16. Let c(b) = 41*b**2 - 20*b - 17. Let l(k) = -6*c(k) - 5*n(k). Determine l(16).
6
Let s(n) = -50*n + n**2 - 19*n**3 + 50*n. Determine s(-1).
20
Let i(l) = -27*l + l**2 + 51*l - 31*l + 3. What is i(7)?
3
Let h(a) be the first derivative of -a**4/4 - a**2/2 - 22*a + 211. Give h(0).
-22
Let q(n) = -3*n + 5. Let c(u) = -13*u + 21. Let f(z) = -2*c(z) + 9*q(z). Let i(d) = 18*d - 111. Let r be i(6). Give f(r).
6
Let m(h) = 11*h - 113. Let d be m(10). Let s(j) be the third derivative of -j**6/120 - j**5/20 - j**4/24 - j**3/3 + j**2. Calculate s(d).
1
Let f(j) be the first derivative of j**2 - 6*j - 138. Give f(3).
0
Suppose 18 = -30*r - 12. Let y(m) = -27*m - 1. Give y(r).
26
Suppose 0 = -71*n + 79*n + 96. Let d(v) = -v**3 - 13*v**2 - 15*v - 26. Give d(n).
10
Let f(s) = s**3 - 4*s**2 + s + 3. Let v be 2 + (3 - -9)*-2. Let i = v + 42. Suppose t - 3*q = 5*t, i = -5*q. Determine f(t).
-3
Let s be 10/(-5) + (-1)/(-2)*8. Let q = -5 - -7. Suppose -3*i = s*i - 4*u - 33, q*u = -3*i + 11. Let f(k) = k - 6. What is f(i)?
-1
Let q(p) = p**3 - 7*p**2 - 4*p + 8. Let c = 129 + -122. Give q(c).
-20
Let s(v) = -v - 9. Suppose 0 = 4*i - k - 1, -i + 4*i - 3 = 3*k. Calculate s(i).
-9
Let g(z) = z - 2. Let h = 74 - 65. Let u = 0 + 3. Suppose -u*i = -0*i - h. Give g(i).
1
Let s(r) = -r**3 - 5*r**2 - 3*r + 3. Suppose -h - 8 = h. Give s(h).
-1
Let a(x) = -x**3 - 6*x**2 + 3*x + 13. Let p be a(-6). Let y(c) = -2*c**2 - 11*c - 1. Calculate y(p).
4
Let i(b) = 3*b**2 + b - 1. Let h(z) = -z**3 - z**2 + z - 1. Let g(n) = -5*n**2 + 4*n - 15. Let t(w) = -g(w) - h(w). Let j be t(-7). Calculate i(j).
13
Let o(n) = 2*n**2 + n - 5. Let s(v) = -v + 8. Let z be s(4). Let d(y) = -2*y**2 - y + 6. Let j(b) = z*d(b) + 5*o(b). Calculate j(-2).
5
Let i be 40 - 51 - (-3)/1. Let c(w) = -w**3 - 8*w**2 + w + 1. Determine c(i).
-7
Suppose 3*y = -3 - 0. Let q(u) = -5*u - 1. Let b(v) = -v - 1. Let k(w) = y*q(w) + 6*b(w). Give k(-6).
1
Let h(t) be the second derivative of t**6/120 + t**5/15 + t**4/12 + t**3/6 - 5*t**2/2 - 13*t. Let k(f) be the first derivative of h(f). What is k(-4)?
-7
Let u(b) = -2*b + 9. Let v = -1724 + 1717. Give u(v).
23
Let v(t) = t + 1. Suppose -26*d - 28 - 76 = 0. Calculate v(d).
-3
Let b(u) = 3*u**3 + 11*u**2 + 7*u + 13. Let z = 5 - 10. Let k(c) = -c**3 - 5*c**2 - 3*c - 6. Let q(x) = z*k(x) - 2*b(x). Calculate q(3).
7
Let l(u) = 4*u**2 + 5*u + 3. Let w(b) = 3*b**2 - 5*b - 8. Let a(o) = -2*o**2 + 5*o + 7. Let s(k) = 6*a(k) + 5*w(k). Let n(z) = 4*l(z) - 5*s(z). Calculate n(3).
-4
Let f = 143 + -144. Let c(l) = -9*l**2 + 9*l + 7. Let v(o) = 4*o**2 - 5*o - 4. Let u(a) = 3*c(a) + 5*v(a). What is u(f)?
-8
Let l be 118/5 - 4/(-10). Suppose -7*i + 3*i = -l. Let k(f) = f**3 - 5*f**3 - i*f**2 + 25*f - 5 - 31*f + 3*f**3. What is k(-5)?
0
Let y(q) = -q**2 - 39*q - 136. Let l be y(-35). Let z(r) = r**3 - 5*r**2 + 3*r - 1. What is z(l)?
-5
Let x(q) = -3*q - 16. Let n(i) = -20*i - 26. Let w be n(-1). What is x(w)?
2
Let i be (-6 + 3)*2/(-2). Let w(u) = 6 - 4*u - 4*u + 7*u + i*u. Suppose 2*j = -j - 15. Calculate w(j).
-4
Let n(y) = -y**2 + y + 2. Let a be (-7)/(-28) + 87/4. Let g be 40/a - (-2)/11. Suppose -5*p + 12 = g. Determine n(p).
0
Let h be (-7 - -5)*6/(-4). Let x(m) be the first derivative of -m**5/60 + 5*m**4/24 + m**3/6 + 2*m**2 + 1. Let z(v) be the second derivative of x(v). Give z(h).
7
Let n(h) = -5*h + 14. Let a be n(2). Let d(k) = -k**2 + a*k**2 + 3 + 5*k - 9 - 2*k**2. What is d(-5)?
-6
Let w(h) = h**2 - h - 5. Suppose 4*x = -5*y - 2, -3*x = -3*y - 9 + 24. Suppose y*j + 20 = 6*j. Calculate w(j).
15
Let i(x) be the second derivative of 0 + 1/12*x**4 + 1/6*x**3 - 4*x**2 + 8*x. What is i(0)?
-8
Let o be (-9)/(1 + -2) - 1. Let g be (o/(-4))/(2/(-3)). Let v(p) = 2*p**2 + 2*p + 9 - 7 - 3*p**2. Give v(g).
-1
Let u(q) = -q**3 - q**2 + 3*q + 3. Let m be u(-3). Suppose -1 + 36 = -5*g. Let p = g + m. Let f(w) = w - 10. Give f(p).
-5
Suppose 0 = -101*v + 97*v + 8. Let f(z) = 6*z**2 - 4. What is f(v)?
20
Let t(z) be the second derivative of z**4/12 - z**3/3 - z**2 - z. Let u(v) = v**3 - 3*v**2 + v. Let l be u(2). Let m = l - 0. Determine t(m).
6
Suppose -3*p + p - 4 = 0. Let c(h) = -32749 - 2*h + 2*h**3 + 32748 - 3*h**3. Give c(p).
11
Let n(y) = -2*y + 28. Let m = -582 - -599. Give n(m).
-6
Let z(h) = 7*h**2 + 5*h + 3. Let l = -9 + 5.